units digit of r?
1
Suppose -5*l = -49 - 206. What is the units digit of l?
1
Let d = -3 - -5. Suppose 0 = 3*p + 2*q - 2, -p + 4*q + 8 = -16. What is the units digit of d/p + 51/6?
9
Suppose -12*q + 2310 = 2*q. What is the tens digit of q?
6
Let d(v) = -v. Let s(u) = -u. Let p(f) = 5*d(f) - 4*s(f). What is the units digit of p(-7)?
7
Suppose o - 100 = -9*o. What is the units digit of o?
0
Suppose g - 4*y = 2, 0*y = 3*g - 3*y + 3. Let a be 5 + 1/1 + g. Let w = a - -1. What is the units digit of w?
5
Suppose -4*d + 4 = -0*d. What is the tens digit of (d - 4)*(-56)/6?
2
Let y(w) = -w**2 + 4*w - 2. Let t be y(5). Let k(x) = -x**2 - 7*x + 9. What is the units digit of k(t)?
9
Let a(j) = j**3 - 5*j**2 + 2*j - 1. Let o be a(4). Let m be 3*6/o + 7. Suppose -9 = -m*n + 16. What is the units digit of n?
5
Suppose 2*h - 5*h = 0. Suppose h = 5*m - 3*k - 25, -2*k = 4*m - 0*k - 42. What is the units digit of m?
8
Let o = -2 + 8. Let q(a) = -3*a**3 + 3*a**2 + 9*a - 6. Let j(g) = -10*g**3 + 8*g**2 + 28*g - 17. Let n(r) = 2*j(r) - 7*q(r). What is the units digit of n(o)?
2
Suppose 37 = 3*p - 3*h + 2*h, -11 = -p + h. What is the units digit of p?
3
Let x(z) = 15*z - 19. What is the tens digit of x(6)?
7
Suppose -120 = -3*v - 3*c, 4*v - 5*c + 23 = 165. What is the units digit of v?
8
What is the units digit of (-116)/(-18)*4 + 104/468?
6
Suppose -4*u - u = 5*m, u = -4*m. Suppose -4*k - 24 = -u*k. Let w = k + 13. What is the units digit of w?
7
Suppose 3*n = -4*s + 503, -2*s + 2*n + 373 = s. Suppose -4*v - v + s = 0. Suppose -3*f + 5 = -v. What is the tens digit of f?
1
Suppose 3*x = -3*i - 0*x + 15, 0 = 2*i - x + 2. Let j = i - -17. What is the tens digit of j?
1
Let s = -48 + 77. What is the units digit of s?
9
Let n be 4/(-4) - (2 + 1). Let r = 14 + n. Suppose -u + 22 = 2*p - 0*u, 5*u - r = 0. What is the units digit of p?
0
Suppose -6 = -4*x + 34. Suppose -2*z + 16 = -z. Let v = z - x. What is the units digit of v?
6
Let g = 16 - 11. Suppose 0 = -h + g*h - 16. What is the units digit of h?
4
Let s be (-2)/(-4)*(-3 + 3). Suppose s = 3*v + v - 124. What is the tens digit of v?
3
Let r(w) = -4*w**2 + 2*w + 7. Let a(y) = 4*y**2 - 2*y - 6. Let o(f) = 6*a(f) + 5*r(f). What is the units digit of o(-2)?
9
Suppose -p + 20 = 4*o, 0 = 2*p - 2*o - 16 - 4. Let s = -8 + p. What is the units digit of s?
4
Suppose 0 = -5*s + 36 + 4. Let t be 38/9 + 8/(-36). Let h = s - t. What is the units digit of h?
4
Let t(x) = -11*x**3 - 1. Let r be t(-1). Suppose 0*a - r = -2*a. What is the units digit of a/(15/(-6)) - -6?
4
Let t(l) be the first derivative of 2/3*l**3 + 1/2*l**2 + 2 + 3*l. What is the tens digit of t(-3)?
1
Let c(d) = d**3 - 5*d**2 + 2*d + 2. Let q be c(4). Let b be (q/8)/((-2)/(-8)). What is the units digit of (2/4)/(b/(-36))?
6
Let b = 0 + 2. Suppose 0 = f + b*f. What is the units digit of (f - -1)/(2/16)?
8
What is the units digit of ((-4)/3)/(4/(-6))?
2
Let g(v) = -2*v - 1. Suppose -6 = 3*n - 0*n. Let j be g(n). Suppose 12 + 12 = j*l. What is the units digit of l?
8
Let k(y) = y**2 + 5*y + 5. Let h be k(-7). Suppose -4*j = x - h - 19, -3*j + 33 = x. What is the units digit of x?
8
What is the tens digit of (1*33)/((-15)/(-10))?
2
Let s(r) = r**2 - 4*r + 4. What is the units digit of s(6)?
6
Suppose -5*r = 11 - 31. Suppose -r*y + 75 - 15 = 0. What is the tens digit of y?
1
What is the units digit of 5*(-1 + -2 + 12)?
5
Let j(v) = v - 4. Let t be j(6). Let x(r) = 3*r**t + 6*r - 3 + r**3 - 5*r + 4. What is the units digit of x(-2)?
3
Suppose -2*j = 6, -n = j - 38 + 6. Suppose 2 = 3*v + 4*d, -5*d + 1 = 6. Suppose n = 5*s - v*a - 0*a, 4*s + a - 15 = 0. What is the units digit of s?
5
Let h = 217 - 108. What is the tens digit of h?
0
Let h = 6 + -8. Let k be (44/(-6))/(h/3). Suppose 3*n + 0*d - d = 14, 3*n = -4*d - k. What is the units digit of n?
3
Let m(x) = -x**2 - 4*x + 1. Let l be m(-4). Suppose j + 4*j - 3*p = -l, 1 = 3*j - p. Suppose -j = 2*y + 4*b + 17, 5*b + 23 = -2*y. What is the units digit of y?
1
Let p(f) = f**3 - 11*f**2 - 11*f - 12. Let a be p(12). Suppose -59 = h - 6*h - b, a = -5*h + b + 51. What is the units digit of 1*(3 + h) - -2?
6
Let c(u) = u**3 + 4*u**2 - 6*u + 6. Let s be (-4 + -6)*(-2)/(-4). What is the tens digit of c(s)?
1
Suppose 0 = -2*h + 213 + 9. What is the units digit of h?
1
Let g(s) = s**3 + s**2 + s + 9. Let o be (0 + 3 + -3)/(-1). What is the units digit of g(o)?
9
Let a be 369/(-4) + (-2)/(-8). Let i be a/(-16) + (-1)/(-4). Let u = i + -2. What is the units digit of u?
4
Suppose -k + 20 = 3*d, 3*d - 84 = -3*k + 6*d. What is the tens digit of k?
2
Let m(y) be the first derivative of -y**3/3 + 4*y**2 + 2*y - 2. What is the units digit of m(7)?
9
Let b(i) = 6*i - 1. What is the units digit of b(16)?
5
What is the units digit of (-8)/6*6/(-4)?
2
Suppose -3*p = -10 - 35. Let f = p + -11. What is the units digit of f?
4
Suppose x - 3*v + 20 = 164, 0 = 5*v - 15. Suppose 0 = -4*o + x - 29. What is the units digit of o?
1
Let w = -65 + 77. What is the tens digit of w?
1
Let i(x) = -x**3 - 5*x**2 - 2*x + 6. What is the tens digit of i(-5)?
1
Suppose -3*u = 15, 0*u - 4*u + 180 = 5*j. Suppose s - j = -3*s. What is the tens digit of s?
1
Let y be ((-30)/(-18))/(15/54). Suppose -4*a - 6 = 2. What is the units digit of ((-9)/y)/(a/12)?
9
Let c = -9 + 36. What is the tens digit of (-2)/(-2) + c/3?
1
Let u = -18 + 27. What is the units digit of u?
9
Suppose 2*l - 59 = -25. What is the tens digit of l?
1
Let r(l) = -l**2 - 11*l - 1. Suppose -x + 2*j = -15, -4*x - 5*j + 16 = -2*j. Suppose 16 = -2*z - 5*q - x, -3*q = -z - 6. What is the tens digit of r(z)?
1
Let x = 3 + 2. What is the units digit of x?
5
Suppose 2*g = -3*g. Suppose 0 = 5*k - 3*k - 80. Suppose g*a - k = -4*a. What is the tens digit of a?
1
Let a(y) be the third derivative of -11*y**4/24 - 5*y**2. What is the units digit of a(-1)?
1
Suppose 0 = -d + 33 - 0. What is the units digit of d?
3
Let j(s) = 2*s**2 + 15. What is the tens digit of j(8)?
4
Suppose 634 = 5*a + 3*w, -2*a - 7*w + 260 = -9*w. What is the hundreds digit of a?
1
Let c be 9*(2 - 1)/3. Suppose -c = -b + 1. Let t(y) = y**2 - 2*y - 1. What is the units digit of t(b)?
7
Let r(n) = -n**3 + 9*n**2 - 6*n + 3. Let i(u) = u + 16. Let a be i(-8). What is the units digit of r(a)?
9
Suppose 6*f = -794 + 3176. What is the tens digit of f?
9
Let d = -3 + 18. Suppose -12 + d = 3*c. What is the units digit of c?
1
Let q = 85 + 54. What is the tens digit of q?
3
Suppose -6*w + 7*w = -5. Let u(s) = s**2 + 4*s - 1. What is the units digit of u(w)?
4
Suppose -2*u = 2*u, j = 4*u - 2. What is the units digit of (-10)/j + (-1 - -1)?
5
Let n(v) = -v**3 + 7*v**2 - 7*v + 10. What is the units digit of n(6)?
4
Suppose 5*k = -5*x + 17 + 8, 4*x = 3*k + 6. Suppose -x = f - 12. What is the units digit of f?
9
Suppose 3*k - 2*d - 56 = 0, -3*k - 2*d + 0*d = -40. Suppose 3*o = 46 - k. What is the units digit of o?
0
Let v(b) = -2*b - 13. Let s be v(-6). Suppose -3*r = 5*j + 13, -r - 4*j = -0 + 2. Let c = s - r. What is the units digit of c?
5
Suppose 0 = 6*s - 899 + 59. What is the units digit of s?
0
Let z(g) = 15*g. Let w(k) = -k - 3. Let h be w(-4). What is the tens digit of z(h)?
1
Suppose 3*o - 12 = -0*o. Suppose 99 = 4*m - t + 2*t, -5*t = o*m - 111. What is the tens digit of m?
2
Let v be (12/12)/((-1)/(-13)). Suppose -27 = -2*g + v. What is the units digit of g?
0
Let y(d) = -d + 3. Let t be y(5). Suppose -6 = -2*z - z, 4*z - 8 = -s. Let p = s - t. What is the units digit of p?
2
Let i(s) = s**3 - 2*s**2 - 2*s - 3. Let h be i(3). Suppose h = -4*p + 5*p - 2. Suppose 3*z + 3*y - 22 = -z, p*y = 3*z - 25. What is the units digit of z?
7
Let f(w) = -w**3 + w**2 - w + 62. What is the units digit of f(0)?
2
Suppose 2*q - 20 = -5*f, -2*q - 7 = -5*f + 13. What is the units digit of f?
4
Let j = 101 + -67. What is the tens digit of j?
3
Suppose -2 + 5 = w. Suppose 0 = 3*i - w*z - 132, 9 = 4*z + 25. What is the units digit of i?
0
Suppose 0 = 8*f - 3*f - 10. What is the units digit of 12/7*7/f?
6
Let x(u) = -u**3 + 5*u**2 - 2*u - 4. Let p = -4 - -4. Let f be 0 + (-1 - p) + 4. What is the units digit of x(f)?
8
Let a = 32 - 21. Suppose -3*h + 5 + 1 = 0, a = k - h. What is the units digit of k?
3
Suppose -5*k = -i + 41, -5*i + 0*k = k - 309. What is the un